{"id":3240,"date":"2024-01-25T13:41:40","date_gmt":"2024-01-25T16:41:40","guid":{"rendered":"https:\/\/basesocial.org\/?page_id=3240"},"modified":"2024-01-25T14:12:05","modified_gmt":"2024-01-25T17:12:05","slug":"o-projeto","status":"publish","type":"page","link":"https:\/\/basesocial.org\/index.php\/o-projeto\/","title":{"rendered":"O projeto"},"content":{"rendered":"\t\t<div data-elementor-type=\"wp-page\" data-elementor-id=\"3240\" class=\"elementor elementor-3240\" data-elementor-post-type=\"page\">\n\t\t\t\t<div class=\"elementor-element elementor-element-64451e8 e-con-full e-flex e-con e-parent\" data-id=\"64451e8\" data-element_type=\"container\" data-e-type=\"container\" data-settings=\"{&quot;background_background&quot;:&quot;classic&quot;}\">\n\t\t\t\t<\/div>\n\t\t<div class=\"elementor-element elementor-element-eade4c4 e-flex e-con-boxed e-con e-parent\" data-id=\"eade4c4\" data-element_type=\"container\" data-e-type=\"container\">\n\t\t\t\t\t<div class=\"e-con-inner\">\n\t\t\t\t<div class=\"elementor-element elementor-element-fcd0328 elementor-widget elementor-widget-heading\" data-id=\"fcd0328\" data-element_type=\"widget\" data-e-type=\"widget\" data-widget_type=\"heading.default\">\n\t\t\t\t<div class=\"elementor-widget-container\">\n\t\t\t\t\t<h2 class=\"elementor-heading-title elementor-size-default\">Escopo do projeto<\/h2>\t\t\t\t<\/div>\n\t\t\t\t<\/div>\n\t\t<div class=\"elementor-element elementor-element-577a9c5 e-con-full e-flex e-con e-child\" data-id=\"577a9c5\" data-element_type=\"container\" data-e-type=\"container\">\n\t\t\t\t<div class=\"elementor-element elementor-element-09219bb elementor-widget__width-initial elementor-widget-mobile__width-inherit elementor-widget elementor-widget-text-editor\" data-id=\"09219bb\" data-element_type=\"widget\" data-e-type=\"widget\" data-widget_type=\"text-editor.default\">\n\t\t\t\t<div class=\"elementor-widget-container\">\n\t\t\t\t\t\t\t\t\t<p>A Base Social existe com a miss\u00e3o de CONTRIBUIR na constru\u00e7\u00e3o de valores e princ\u00edpios atrav\u00e9s da EDUCA\u00c7\u00c3O e da CULTURA, utilizando processos e tecnologias inovadoras de ensino.<\/p><p>\u00a0<\/p><p>S\u00e3o jovens de 16 a 24 anos de baixa renda, que n\u00e3o possuem capacita\u00e7\u00e3o adequada e por isso t\u00eam dificuldades para encontrar o primeiro emprego. Al\u00e9m da forma\u00e7\u00e3o t\u00e9cnica, desenvolvemos temas relacionados a jornada escolar e empregabilidade.<\/p><p>\u00a0<\/p><p>Apresentamos quais s\u00e3o as possibilidades de ingresso em cursos t\u00e9cnicos e de n\u00edvel superior, com o objetivo de estimular os jovens a seguir estudando mesmo ap\u00f3s a conclus\u00e3o do Ensino M\u00e9dio.<\/p><p>\u00a0<\/p><p>Ao fornecer para eles uma vis\u00e3o ampla das oportunidades do mercado de tecnologia, das possibilidades de continua\u00e7\u00e3o dos estudos e da capacita\u00e7\u00e3o b\u00e1sica em programa\u00e7\u00e3o, os jovens passam a sonhar com o primeiro emprego nesta \u00e1rea.<\/p><p>\u00a0<\/p><p>Alguns resultados j\u00e1 apareceram. Temos alguns jovens trabalhando na \u00e1rea e outros participando de seus primeiros processos seletivos.<\/p>\t\t\t\t\t\t\t\t<\/div>\n\t\t\t\t<\/div>\n\t\t\t\t<div class=\"elementor-element elementor-element-38f9eba elementor-widget__width-initial elementor-widget-mobile__width-inherit elementor-widget elementor-widget-image\" data-id=\"38f9eba\" data-element_type=\"widget\" data-e-type=\"widget\" data-widget_type=\"image.default\">\n\t\t\t\t<div class=\"elementor-widget-container\">\n\t\t\t\t\t\t\t\t\t\t\t\t\t\t\t<img fetchpriority=\"high\" decoding=\"async\" width=\"683\" height=\"592\" src=\"https:\/\/basesocial.org\/wp-content\/uploads\/2024\/01\/image-16.jpg\" class=\"attachment-full size-full wp-image-3246\" alt=\"\" srcset=\"https:\/\/basesocial.org\/wp-content\/uploads\/2024\/01\/image-16.jpg 683w, https:\/\/basesocial.org\/wp-content\/uploads\/2024\/01\/image-16-300x260.jpg 300w\" sizes=\"(max-width: 683px) 100vw, 683px\" \/>\t\t\t\t\t\t\t\t\t\t\t\t\t\t\t<\/div>\n\t\t\t\t<\/div>\n\t\t\t\t<\/div>\n\t\t<div class=\"elementor-element elementor-element-2ef63bf e-con-full e-flex e-con e-child\" data-id=\"2ef63bf\" data-element_type=\"container\" data-e-type=\"container\">\n\t\t\t\t<div class=\"elementor-element elementor-element-bf55911 elementor-widget elementor-widget-video\" data-id=\"bf55911\" data-element_type=\"widget\" data-e-type=\"widget\" data-settings=\"{&quot;youtube_url&quot;:&quot;https:\\\/\\\/www.youtube.com\\\/watch?v=yLkfVBdma20&quot;,&quot;video_type&quot;:&quot;youtube&quot;,&quot;controls&quot;:&quot;yes&quot;}\" data-widget_type=\"video.default\">\n\t\t\t\t<div class=\"elementor-widget-container\">\n\t\t\t\t\t\t\t<div class=\"elementor-wrapper elementor-open-inline\">\n\t\t\t<div class=\"elementor-video\"><\/div>\t\t<\/div>\n\t\t\t\t\t\t<\/div>\n\t\t\t\t<\/div>\n\t\t\t\t<div class=\"elementor-element elementor-element-ad2bf92 elementor-widget elementor-widget-video\" data-id=\"ad2bf92\" data-element_type=\"widget\" data-e-type=\"widget\" data-settings=\"{&quot;youtube_url&quot;:&quot;https:\\\/\\\/www.youtube.com\\\/watch?v=RrwCYJ2Kkxk&quot;,&quot;video_type&quot;:&quot;youtube&quot;,&quot;controls&quot;:&quot;yes&quot;}\" data-widget_type=\"video.default\">\n\t\t\t\t<div class=\"elementor-widget-container\">\n\t\t\t\t\t\t\t<div class=\"elementor-wrapper elementor-open-inline\">\n\t\t\t<div class=\"elementor-video\"><\/div>\t\t<\/div>\n\t\t\t\t\t\t<\/div>\n\t\t\t\t<\/div>\n\t\t\t\t<\/div>\n\t\t\t\t\t<\/div>\n\t\t\t\t<\/div>\n\t\t<div class=\"elementor-element elementor-element-c22399a e-flex e-con-boxed e-con e-parent\" data-id=\"c22399a\" data-element_type=\"container\" data-e-type=\"container\">\n\t\t\t\t\t<div class=\"e-con-inner\">\n\t\t\t\t<div class=\"elementor-element elementor-element-83644b8 elementor-widget elementor-widget-heading\" data-id=\"83644b8\" data-element_type=\"widget\" data-e-type=\"widget\" data-widget_type=\"heading.default\">\n\t\t\t\t<div class=\"elementor-widget-container\">\n\t\t\t\t\t<h2 class=\"elementor-heading-title elementor-size-default\">Nossa hist\u00f3ria<\/h2>\t\t\t\t<\/div>\n\t\t\t\t<\/div>\n\t\t<div class=\"elementor-element elementor-element-ed066f5 e-con-full e-flex e-con e-child\" data-id=\"ed066f5\" data-element_type=\"container\" data-e-type=\"container\">\n\t\t\t\t<div class=\"elementor-element elementor-element-7062943 elementor-widget__width-initial elementor-widget-mobile__width-inherit elementor-widget elementor-widget-text-editor\" data-id=\"7062943\" data-element_type=\"widget\" data-e-type=\"widget\" data-widget_type=\"text-editor.default\">\n\t\t\t\t<div class=\"elementor-widget-container\">\n\t\t\t\t\t\t\t\t\t<p>Em parceria com a FEAC Campinas e com a institui\u00e7\u00e3o Direito de Ser, iniciamos nossa primeira turma em Abril de 2019 com 10 jovens. <br \/><br \/>Abrimos outras 2 turmas em Junho de 2019, atingindo o n\u00famero de 30 jovens em forma\u00e7\u00e3o. Com o impacto da pandemia em nossa sociedade, mudamos o formato da capacita\u00e7\u00e3o e passamos a oferecer turmas online.<br \/><br \/>Em 2020 abrimos a nossa primeira turma no formato remoto para 15 jovens em parceria com a ONG A\u00e7\u00e3o Forte tamb\u00e9m de Campinas. <br \/><br \/>Para tornar este projeto vi\u00e1vel, passamos a captar computadores e celulares novos e usados com empresas parceiras, com o objetivo de permitir que qualquer pessoa pudesse participar do curso.<\/p>\t\t\t\t\t\t\t\t<\/div>\n\t\t\t\t<\/div>\n\t\t\t\t<div class=\"elementor-element elementor-element-a41da76 elementor-widget__width-initial elementor-widget-mobile__width-inherit elementor-widget elementor-widget-text-editor\" data-id=\"a41da76\" data-element_type=\"widget\" data-e-type=\"widget\" data-widget_type=\"text-editor.default\">\n\t\t\t\t<div class=\"elementor-widget-container\">\n\t\t\t\t\t\t\t\t\t<p>Em parceria com a FEAC Campinas e com a institui\u00e7\u00e3o Direito de Ser, iniciamos nossa primeira turma em Abril de 2019 com 10 jovens. <br \/><br \/>Abrimos outras 2 turmas em Junho de 2019, atingindo o n\u00famero de 30 jovens em forma\u00e7\u00e3o. Com o impacto da pandemia em nossa sociedade, mudamos o formato da capacita\u00e7\u00e3o e passamos a oferecer turmas online.<br \/><br \/>Em 2020 abrimos a nossa primeira turma no formato remoto para 15 jovens em parceria com a ONG A\u00e7\u00e3o Forte tamb\u00e9m de Campinas. <br \/><br \/>Para tornar este projeto vi\u00e1vel, passamos a captar computadores e celulares novos e usados com empresas parceiras, com o objetivo de permitir que qualquer pessoa pudesse participar do curso.<\/p>\t\t\t\t\t\t\t\t<\/div>\n\t\t\t\t<\/div>\n\t\t\t\t<\/div>\n\t\t\t\t\t<\/div>\n\t\t\t\t<\/div>\n\t\t<div class=\"elementor-element elementor-element-d08cc70 e-flex e-con-boxed e-con e-parent\" data-id=\"d08cc70\" data-element_type=\"container\" data-e-type=\"container\">\n\t\t\t\t\t<div class=\"e-con-inner\">\n\t\t\t\t<div class=\"elementor-element elementor-element-3148566 elementor-widget elementor-widget-heading\" data-id=\"3148566\" data-element_type=\"widget\" data-e-type=\"widget\" data-widget_type=\"heading.default\">\n\t\t\t\t<div class=\"elementor-widget-container\">\n\t\t\t\t\t<h2 class=\"elementor-heading-title elementor-size-default\">Vis\u00e3o<\/h2>\t\t\t\t<\/div>\n\t\t\t\t<\/div>\n\t\t<div class=\"elementor-element elementor-element-3b765bb e-con-full e-flex e-con e-child\" data-id=\"3b765bb\" data-element_type=\"container\" data-e-type=\"container\">\n\t\t\t\t<div class=\"elementor-element elementor-element-0234de1 elementor-widget__width-initial elementor-widget-mobile__width-inherit elementor-widget elementor-widget-text-editor\" data-id=\"0234de1\" data-element_type=\"widget\" data-e-type=\"widget\" data-widget_type=\"text-editor.default\">\n\t\t\t\t<div class=\"elementor-widget-container\">\n\t\t\t\t\t\t\t\t\t<p><span style=\"white-space-collapse: preserve;\">Ser refer\u00eancia mundial em capacita\u00e7\u00e3o profissional de pessoas em situa\u00e7\u00e3o de vulnerabilidade social.<\/span><\/p>\t\t\t\t\t\t\t\t<\/div>\n\t\t\t\t<\/div>\n\t\t\t\t<\/div>\n\t\t\t\t\t<\/div>\n\t\t\t\t<\/div>\n\t\t<div class=\"elementor-element elementor-element-45f484c e-flex e-con-boxed e-con e-parent\" data-id=\"45f484c\" data-element_type=\"container\" data-e-type=\"container\">\n\t\t\t\t\t<div class=\"e-con-inner\">\n\t\t\t\t<div class=\"elementor-element elementor-element-ae9019d elementor-widget elementor-widget-heading\" data-id=\"ae9019d\" data-element_type=\"widget\" data-e-type=\"widget\" data-widget_type=\"heading.default\">\n\t\t\t\t<div class=\"elementor-widget-container\">\n\t\t\t\t\t<h2 class=\"elementor-heading-title elementor-size-default\">Miss\u00e3o<\/h2>\t\t\t\t<\/div>\n\t\t\t\t<\/div>\n\t\t<div class=\"elementor-element elementor-element-52bac97 e-con-full e-flex e-con e-child\" data-id=\"52bac97\" data-element_type=\"container\" data-e-type=\"container\">\n\t\t\t\t<div class=\"elementor-element elementor-element-e10e643 elementor-widget__width-initial elementor-widget-mobile__width-inherit elementor-widget elementor-widget-text-editor\" data-id=\"e10e643\" data-element_type=\"widget\" data-e-type=\"widget\" data-widget_type=\"text-editor.default\">\n\t\t\t\t<div class=\"elementor-widget-container\">\n\t\t\t\t\t\t\t\t\t<p>Gerar transforma\u00e7\u00e3o social positiva na vida das pessoas em situa\u00e7\u00e3o de vulnerabilidade, dando oportunidade de serem protagonistas do seu futuro, atrav\u00e9s da educa\u00e7\u00e3o e da prepara\u00e7\u00e3o para o in\u00edcio da carreira profissional.<\/p>\t\t\t\t\t\t\t\t<\/div>\n\t\t\t\t<\/div>\n\t\t\t\t<\/div>\n\t\t\t\t\t<\/div>\n\t\t\t\t<\/div>\n\t\t\t\t<\/div>\n\t\t","protected":false},"excerpt":{"rendered":"<p>Escopo do projeto A Base Social existe com a miss\u00e3o de CONTRIBUIR na constru\u00e7\u00e3o de valores e princ\u00edpios atrav\u00e9s da EDUCA\u00c7\u00c3O e da CULTURA, utilizando processos e tecnologias inovadoras de ensino. \u00a0 S\u00e3o jovens de 16 a 24 anos de baixa renda, que n\u00e3o possuem capacita\u00e7\u00e3o adequada e por isso t\u00eam dificuldades para encontrar o [&hellip;]<\/p>\n","protected":false},"author":2,"featured_media":0,"parent":0,"menu_order":0,"comment_status":"closed","ping_status":"closed","template":"","meta":{"_acf_changed":false,"footnotes":""},"class_list":["post-3240","page","type-page","status-publish","hentry"],"acf":[],"aioseo_notices":[],"_links":{"self":[{"href":"https:\/\/basesocial.org\/index.php\/wp-json\/wp\/v2\/pages\/3240","targetHints":{"allow":["GET"]}}],"collection":[{"href":"https:\/\/basesocial.org\/index.php\/wp-json\/wp\/v2\/pages"}],"about":[{"href":"https:\/\/basesocial.org\/index.php\/wp-json\/wp\/v2\/types\/page"}],"author":[{"embeddable":true,"href":"https:\/\/basesocial.org\/index.php\/wp-json\/wp\/v2\/users\/2"}],"replies":[{"embeddable":true,"href":"https:\/\/basesocial.org\/index.php\/wp-json\/wp\/v2\/comments?post=3240"}],"version-history":[{"count":7,"href":"https:\/\/basesocial.org\/index.php\/wp-json\/wp\/v2\/pages\/3240\/revisions"}],"predecessor-version":[{"id":3250,"href":"https:\/\/basesocial.org\/index.php\/wp-json\/wp\/v2\/pages\/3240\/revisions\/3250"}],"wp:attachment":[{"href":"https:\/\/basesocial.org\/index.php\/wp-json\/wp\/v2\/media?parent=3240"}],"curies":[{"name":"wp","href":"https:\/\/api.w.org\/{rel}","templated":true}]}}